{"id":108,"date":"2014-12-29T23:04:31","date_gmt":"2014-12-29T21:04:31","guid":{"rendered":"http:\/\/anmeldung-s2.hbg-koeln.de\/?page_id=108"},"modified":"2014-12-29T23:06:21","modified_gmt":"2014-12-29T21:06:21","slug":"bewerbung-fuer-q1-12-jahrgang","status":"publish","type":"page","link":"https:\/\/anmeldung-s2.hbg-koeln.de\/?page_id=108","title":{"rendered":"Bewerbung f\u00fcr Q1 (12. Jahrgang)"},"content":{"rendered":"<p>Es ist unwahrscheinlich, dass zum Schuljahrswechsel freie Pl\u00e4tze im 12. Jahrgang (Q1) zur Verf\u00fcgung stehen werden.<\/p>\n<p>Eine <span style=\"color: #000000;\"><strong>schriftliche Bewerbung<\/strong><\/span> ist dennoch m\u00f6glich.<\/p>\n<p>Erforderliche Unterlagen:<\/p>\n<ul>\n<li>Bewerbung mit ausf\u00fchrlicher Begr\u00fcndung f\u00fcr den Schulwechsel<\/li>\n<li>Tabellarischer Lebenslauf<\/li>\n<li>Kopien der Zeugnisse der letzten beiden Schuljahre<\/li>\n<\/ul>\n<p>Die Bewerbungen werden erst in der letzten Woche des Schuljahrs bearbeitet, weil erst dann feststeht, ob zum Schuljahrswechsel Pl\u00e4tze frei werden. Reservieren Sie bitte keinen Termin f\u00fcr ein Bewerbungsgespr\u00e4ch!<\/p>\n<p>Hinweis: Erfahrungsgem\u00e4\u00df ist dies nicht der Fall, es wird empfohlen andere Alternativen ins Auge zu fassen.<\/p>\n<p>T. Schulz<br \/>\nAbteilungsleiter Sekundarstufe II<\/p>\n","protected":false},"excerpt":{"rendered":"<p>Es ist unwahrscheinlich, dass zum Schuljahrswechsel freie Pl\u00e4tze im 12. Jahrgang (Q1) zur Verf\u00fcgung stehen werden. Eine schriftliche Bewerbung ist dennoch m\u00f6glich. Erforderliche Unterlagen: Bewerbung mit ausf\u00fchrlicher Begr\u00fcndung f\u00fcr den Schulwechsel Tabellarischer Lebenslauf Kopien der Zeugnisse der letzten beiden Schuljahre Die Bewerbungen werden erst in der letzten Woche des Schuljahrs bearbeitet, weil erst dann feststeht, [&hellip;]<\/p>\n","protected":false},"author":1,"featured_media":0,"parent":0,"menu_order":0,"comment_status":"closed","ping_status":"closed","template":"","meta":{"footnotes":""},"class_list":["post-108","page","type-page","status-publish","hentry"],"_links":{"self":[{"href":"https:\/\/anmeldung-s2.hbg-koeln.de\/index.php?rest_route=\/wp\/v2\/pages\/108","targetHints":{"allow":["GET"]}}],"collection":[{"href":"https:\/\/anmeldung-s2.hbg-koeln.de\/index.php?rest_route=\/wp\/v2\/pages"}],"about":[{"href":"https:\/\/anmeldung-s2.hbg-koeln.de\/index.php?rest_route=\/wp\/v2\/types\/page"}],"author":[{"embeddable":true,"href":"https:\/\/anmeldung-s2.hbg-koeln.de\/index.php?rest_route=\/wp\/v2\/users\/1"}],"replies":[{"embeddable":true,"href":"https:\/\/anmeldung-s2.hbg-koeln.de\/index.php?rest_route=%2Fwp%2Fv2%2Fcomments&post=108"}],"version-history":[{"count":3,"href":"https:\/\/anmeldung-s2.hbg-koeln.de\/index.php?rest_route=\/wp\/v2\/pages\/108\/revisions"}],"predecessor-version":[{"id":112,"href":"https:\/\/anmeldung-s2.hbg-koeln.de\/index.php?rest_route=\/wp\/v2\/pages\/108\/revisions\/112"}],"wp:attachment":[{"href":"https:\/\/anmeldung-s2.hbg-koeln.de\/index.php?rest_route=%2Fwp%2Fv2%2Fmedia&parent=108"}],"curies":[{"name":"wp","href":"https:\/\/api.w.org\/{rel}","templated":true}]}}