{"id":43,"date":"2014-11-28T21:00:54","date_gmt":"2014-11-28T19:00:54","guid":{"rendered":"http:\/\/anmeldung-s2.hbg-koeln.de\/?page_id=43"},"modified":"2024-02-08T10:42:33","modified_gmt":"2024-02-08T08:42:33","slug":"bewerbungsunterlagen","status":"publish","type":"page","link":"https:\/\/anmeldung-s2.hbg-koeln.de\/?page_id=43","title":{"rendered":"Bewerbungsunterlagen"},"content":{"rendered":"<p><strong>F\u00fcr die Bewerbungsgespr\u00e4che im Februar ben\u00f6tigst Du folgende Dinge:<\/strong><\/p>\n<ul>\n<li>tabellarischer Lebenslauf<\/li>\n<li>Passfoto<\/li>\n<li>Personalausweis \/ Pass o.\u00e4.<\/li>\n<li>schriftliches Bewerbungsschreiben<\/li>\n<li>Kopien Zeugnisse aus der Klasse 9 (komplett) und das Halbjahreszeugnis Klasse 10<\/li>\n<li>von den Eltern unterschriebene Bewerbung von \u00a0&#8222;Sch\u00fcler online&#8220;<\/li>\n<\/ul>\n<p><span style=\"color: #ff0000;\"><strong>F\u00fcr die Bewerbungen ist es notwendig diese Unterlagen der Schule zu schicken oder vorbeibringen. Es finden keine Bewerbungsgespr\u00e4che statt. Wir entscheiden nach den vorliegenden Unterlagen. Liegen keine Unterlagen vor erfolgt eine Ablehnung. Ob die Unterlagen vorliegen, sehen Sie in Sch\u00fcler Online!<\/strong><\/span><\/p>\n<p>T. Schulz<br \/>\n08.02.24<\/p>\n","protected":false},"excerpt":{"rendered":"<p>F\u00fcr die Bewerbungsgespr\u00e4che im Februar ben\u00f6tigst Du folgende Dinge: tabellarischer Lebenslauf Passfoto Personalausweis \/ Pass o.\u00e4. schriftliches Bewerbungsschreiben Kopien Zeugnisse aus der Klasse 9 (komplett) und das Halbjahreszeugnis Klasse 10 von den Eltern unterschriebene Bewerbung von \u00a0&#8222;Sch\u00fcler online&#8220; F\u00fcr die Bewerbungen ist es notwendig diese Unterlagen der Schule zu schicken oder vorbeibringen. Es finden keine [&hellip;]<\/p>\n","protected":false},"author":1,"featured_media":0,"parent":0,"menu_order":0,"comment_status":"closed","ping_status":"closed","template":"","meta":{"footnotes":""},"class_list":["post-43","page","type-page","status-publish","hentry"],"_links":{"self":[{"href":"https:\/\/anmeldung-s2.hbg-koeln.de\/index.php?rest_route=\/wp\/v2\/pages\/43","targetHints":{"allow":["GET"]}}],"collection":[{"href":"https:\/\/anmeldung-s2.hbg-koeln.de\/index.php?rest_route=\/wp\/v2\/pages"}],"about":[{"href":"https:\/\/anmeldung-s2.hbg-koeln.de\/index.php?rest_route=\/wp\/v2\/types\/page"}],"author":[{"embeddable":true,"href":"https:\/\/anmeldung-s2.hbg-koeln.de\/index.php?rest_route=\/wp\/v2\/users\/1"}],"replies":[{"embeddable":true,"href":"https:\/\/anmeldung-s2.hbg-koeln.de\/index.php?rest_route=%2Fwp%2Fv2%2Fcomments&post=43"}],"version-history":[{"count":9,"href":"https:\/\/anmeldung-s2.hbg-koeln.de\/index.php?rest_route=\/wp\/v2\/pages\/43\/revisions"}],"predecessor-version":[{"id":362,"href":"https:\/\/anmeldung-s2.hbg-koeln.de\/index.php?rest_route=\/wp\/v2\/pages\/43\/revisions\/362"}],"wp:attachment":[{"href":"https:\/\/anmeldung-s2.hbg-koeln.de\/index.php?rest_route=%2Fwp%2Fv2%2Fmedia&parent=43"}],"curies":[{"name":"wp","href":"https:\/\/api.w.org\/{rel}","templated":true}]}}